 f (base 16) in base 3?
120
100101 (base 2) to base 5
122
What is -2 (base 11) in base 6?
-2
What is 32 (base 5) in base 14?
13
-4 (base 8) to base 5
-4
Convert 113 (base 10) to base 4.
1301
Convert -a (base 13) to base 4.
-22
Convert 0 (base 4) to base 10.
0
-c (base 13) to base 11
-11
Convert 23 (base 6) to base 5.
30
Convert 4 (base 15) to base 10.
4
3 (base 10) to base 9
3
Convert -3 (base 6) to base 16.
-3
-212 (base 6) to base 4
-1100
114 (base 6) to base 7
64
What is 24 (base 9) in base 14?
18
Convert 2 (base 14) to base 15.
2
Convert -2 (base 10) to base 3.
-2
-4 (base 15) to base 7
-4
What is 33 (base 7) in base 8?
30
Convert -1 (base 10) to base 9.
-1
What is -1 (base 12) in base 11?
-1
Convert 7 (base 8) to base 3.
21
What is 4 (base 14) in base 15?
4
Convert 0 (base 4) to base 7.
0
What is -b (base 13) in base 15?
-b
What is -76 (base 9) in base 2?
-1000101
111100 (base 2) to base 14
44
-27 (base 11) to base 3
-1002
Convert -1 (base 9) to base 10.
-1
7 (base 8) to base 2
111
What is -104 (base 14) in base 5?
-1300
Convert 11 (base 6) to base 14.
7
What is 1 (base 12) in base 11?
1
16 (base 15) to base 6
33
51 (base 6) to base 10
31
-192 (base 13) to base 11
-242
Convert -d (base 16) to base 4.
-31
Convert 11 (base 7) to base 9.
8
Convert 7 (base 10) to base 4.
13
What is 14 (base 12) in base 7?
22
3 (base 15) to base 4
3
What is 113 (base 4) in base 13?
1a
Convert 5 (base 16) to base 7.
5
-11101010 (base 2) to base 6
-1030
Convert 22 (base 11) to base 2.
11000
What is -125 (base 13) in base 6?
-532
What is 7 (base 11) in base 7?
10
Convert -bd (base 16) to base 8.
-275
What is e (base 16) in base 10?
14
What is -22 (base 3) in base 2?
-1000
What is -2 (base 13) in base 9?
-2
Convert 3 (base 4) to base 12.
3
-300 (base 4) to base 5
-143
What is 2 (base 4) in base 14?
2
What is 0 (base 7) in base 6?
0
131 (base 15) to base 4
10033
Convert 0 (base 4) to base 5.
0
Convert 4 (base 7) to base 13.
4
What is 101 (base 2) in base 4?
11
What is 5 (base 10) in base 6?
5
What is 38 (base 12) in base 7?
62
3 (base 6) to base 5
3
Convert -11 (base 2) to base 16.
-3
-ca (base 15) to base 3
-21001
1002 (base 4) to base 8
102
Convert -3 (base 7) to base 8.
-3
What is 0 (base 14) in base 10?
0
Convert 1a1 (base 14) to base 7.
661
23 (base 5) to base 14
d
1c (base 15) to base 3
1000
Convert 0 (base 9) to base 15.
0
Convert 1 (base 9) to base 15.
1
4 (base 7) to base 9
4
What is -49 (base 13) in base 12?
-51
What is 1a5 (base 12) in base 14?
153
What is -2 (base 16) in base 9?
-2
What is -2 (base 8) in base 14?
-2
-4 (base 16) to base 14
-4
34 (base 9) to base 11
29
1123 (base 4) to base 16
5b
1340 (base 5) to base 8
334
11112 (base 3) to base 9
145
-9 (base 13) to base 10
-9
-a (base 14) to base 10
-10
-12 (base 3) to base 16
-5
What is -164 (base 12) in base 8?
-334
-3 (base 6) to base 12
-3
Convert 1 (base 15) to base 16.
1
10 (base 4) to base 14
4
What is 77 (base 9) in base 8?
106
-100100 (base 2) to base 9
-40
-22 (base 12) to base 8
-32
3 (base 4) to base 15
3
-3 (base 11) to base 15
-3
Convert -110 (base 3) to base 6.
-20
Convert -202 (base 4) to base 9.
-37
What is -3a (base 11) in base 3?
-1121
Convert -1 (base 11) to base 9.
-1
0 (base 15) to base 6
0
What is 23 (base 4) in base 3?
102
What is -14 (base 6) in base 13?
-a
What is -54 (base 11) in base 8?
-73
-440 (base 5) to base 10
-120
-11 (base 9) to base 13
-a
What is -2 (base 8) in base 7?
-2
1 (base 3) to base 14
1
Convert 31 (base 7) to base 2.
10110
What is 1000101 (base 2) in base 10?
69
1001 (base 2) to base 7
12
What is 12 (base 7) in base 16?
9
What is 2012 (base 3) in base 7?
113
What is 10 (base 2) in base 4?
2
-3 (base 8) to base 6
-3
222 (base 4) to base 12
36
Convert -35 (base 8) to base 7.
-41
What is -11 (base 3) in base 10?
-4
Convert 0 (base 6) to base 3.
0
What is 1 (base 13) in base 4?
1
What is -1212 (base 3) in base 6?
-122
Convert 12 (base 10) to base 12.
10
-2 (base 9) to base 3
-2
Convert 13 (base 12) to base 15.
10
Convert -33 (base 6) to base 4.
-111
-11110001 (base 2) to base 3
-22221
What is -42 (base 14) in base 15?
-3d
-1 (base 10) to base 9
-1
What is -1411 (base 6) in base 14?
-1c3
-5 (base 14) to base 11
-5
-36 (base 11) to base 12
-33
Convert -3 (base 10) to base 8.
-3
Convert 3 (base 10) to base 8.
3
Convert 1111 (base 2) to base 8.
17
562 (base 8) to base 5
2440
What is -54 (base 9) in base 13?
-3a
What is -40 (base 11) in base 8?
-54
Convert -230 (base 5) to base 8.
-101
10 (base 14) to base 15
e
What is -12 (base 5) in base 15?
-7
-da (base 16) to base 6
-1002
Convert -3120 (base 4) to base 16.
-d8
2 (base 5) to base 15
2
Convert -10 (base 5) to base 9.
-5
Convert 1 (base 2) to base 16.
1
Convert 1052 (base 6) to base 4.
3320
What is 55 (base 10) in base 6?
131
Convert 3 (base 8) to base 5.
3
What is -10010 (base 2) in base 14?
-14
Convert 1 (base 11) to base 5.
1
What is -10 (base 3) in base 2?
-11
What is 16 (base 12) in base 10?
18
-3 (base 8) to base 11
-3
48 (base 14) to base 3
2101
What is 58 (base 14) in base 2?
1001110
1223 (base 4) to base 3
10222
What is -1b (base 13) in base 6?
-40
What is 145 (base 8) in base 2?
1100101
Convert 0 (base 5) to base 12.
0
Convert 323 (base 8) to base 6.
551
-200 (base 9) to base 10
-162
What is -21 (base 5) in base 12?
-b
Convert 16 (base 8) to base 4.
32
Convert -18 (base 11) to base 4.
-103
Convert -24 (base 8) to base 10.
-20
What is 30 (base 14) in base 7?
60
-60 (base 7) to base 5
-132
Convert -2 (base 14) to base 4.
-2
-b (base 15) to base 6
-15
Convert 7 (base 14) to base 15.
7
What is -fc (base 16) in base 13?
-165
What is 80 (base 13) in base 8?
150
What is -66 (base 10) in base 9?
-73
-e6 (base 15) to base 13
-138
3 (base 6) to base 16
3
-214 (base 5) to base 8
-73
What is -19b (base 12) in base 9?
-322
Convert -3 (base 13) to base 2.
-11
Convert 10101 (base 2) to base 15.
16
100001 (base 2) to base 7
45
Convert 4 (base 8) to base 11.
4
Convert -244 (base 5) to base 12.
-62
Convert 5 (base 14) to base 13.
5
What is -10 (base 5) in base 4?
-11
What is 4 (base 5) in base 15?
4
-4a (base 12) to base 13
-46
Convert -3e (base 16) to base 5.
-222
What is 34 (base 10) in base 8?
42
Convert -61 (base 9) to base 6.
-131
Convert -164 (base 7) to base 16.
-5f
-1 (base 16) to base 10
-1
-190 (base 10) to base 8
-276
10111 (base 3) to base 11
86
What is -5 (base 15) in base 13?
-5
Convert 1034 (base 5) to base 8.
220
Convert -b (base 15) to base 6.
-15
Convert 3 (base 12) to base 11.
3
What is 501 (base 7) in base 12?
186
What is -2 (base 16) in base 13?
-2
Convert 1 (base 6) to base 13.
1
38 (base 13) to base 10
47
-2 (base 9) to base 4
-2
-2 (base 7) to base 16
-2
Convert 3 (base 14) to base 2.
11
-71 (base 8) to base 12
-49
-3 (base 15) to base 8
-3
What is -51 (base 11) in base 12?
-48
-9 (base 13) to base 15
-9
Convert -b (base 14) to base 3.
-102
15 (base 14) to base 8
23
What is cc (base 15) in base 4?
3000
What is 11 (base 9) in base 13?
a
Convert 105 (base 12) to base 3.
12112
What is -6 (base 11) in base 12?
-6
What is 5 (base 9) in base 3?
12
Convert 221 (base 3) to base 10.
25
-11 (base 5) to base 2
-110
What is 0 (base 7) in base 4?
0
-204 (base 6) to base 4
-1030
-45 (base 8) to base 14
-29
-1 (base 13) to base 7
-1
-26 (base 9) to base 12
-20
-5 (base 12) to base 6
-5
-135 (base 10) to base 12
-b3
11 (base 3) to base 7
4
Convert 13 (base 14) to base 9.
18
-5 (base 16) to base 13
-5
What is -134 (base 10) in base 9?
-158
What is -4 (base 5) in base 16?
-4
-3 (base 13) to base 12
-3
-7 (base 10) to base 2
-111
Convert 4 (base 10) to base 15.
4
What is -4 (base 16) in base 7?
-4
Convert -18 (base 10) to base 6.
-30
0 (base 11) to base 15
0
Convert 3 (base 9) to base 6.
3
Convert 12 (base 15) to base 14.
13
Convert 34 (base 5) to base 7.
25
Convert -1101 (base 4) to base 11.
-74
What is -12 (base 4) in base 7?
-6
34 (base 6) to base 16
16
Convert -4 (base 12) to base 7.
-4
3 (base 10) to base 15
3
1101 (base 2) to base 12
11
-14 (base 6) to base 4
-22
Convert 8 (base 14) to base 9.
8
What is 11 (base 15) in base 9?
17
What is -3 (base 7) in base 13?
-3
Convert 2110 (base 3) to base 12.
56
What is 10 (base 5) in base 8?
5
What is 2 (base 11) in base 7?
2
What is -27 (base 16) in base 12?
-33
-442